ate the greatest common factor of w and 1.
1
Suppose -2*s - s + 2*h = -10, 0 = -5*s + 3*h + 15. Let k = -2 + 1. Let j be s + 87 - (-2)/k. What is the greatest common divisor of j and 17?
17
Let v(h) = 2*h + 0*h - 2 + 26*h**2 - 3*h. Let s be v(-2). Suppose 0 = 2*r - 5*q - 11, 3*q = 6*q - 9. Calculate the greatest common factor of r and s.
13
Suppose -5*z - 4*s = s + 80, -5*z = -4*s + 44. Let m be ((-12)/4)/(3/z). What is the highest common factor of m and 60?
12
Suppose -5*t + 5*u = -135, 3*u + 20 = t - 13. Calculate the highest common factor of 72 and t.
24
Let s = 1 + 2. Let z be 192/(-4)*(-4)/s. Let h = 8 + 0. What is the greatest common divisor of z and h?
8
Let z = 27 - 14. Let a(p) = 119*p**3 + p**2. Let f be a(1). Let u = f + -55. What is the highest common divisor of u and z?
13
Suppose -3*y - d + 45 = 2*d, 4*y + d = 66. Suppose -q - 162 = -2*q - 3*n, -756 = -5*q + 3*n. Calculate the greatest common divisor of y and q.
17
Suppose 6*a - 145 - 95 = 0. What is the greatest common divisor of 10 and a?
10
Suppose 0*t + i + 20 = 5*t, 3*t = -3*i + 30. Suppose -t*j = 10 - 50. Let y be 162/j*72/27. What is the greatest common divisor of 6 and y?
6
Let o = -33 - -33. Let p(d) be the second derivative of -d**3/6 + 35*d**2/2 - d. Let m be p(o). What is the highest common divisor of m and 7?
7
Let x = 63 - 23. What is the greatest common factor of x and 4?
4
Let v(s) = 52*s - 5. Let r be v(4). Let m = 83 + r. Calculate the greatest common divisor of m and 26.
26
Suppose 12 = 2*z - 4*f, 0*z - 28 = -4*z + 4*f. Suppose 0 = -3*a + 2*a + z. Let p = -1 + a. What is the greatest common factor of p and 35?
7
Suppose 4 = 2*r, -2*t - 2*r = 8 - 166. Let c = -20 - -41. Suppose 2*d + 4*z + 19 = 3*d, 5*z + c = d. Calculate the greatest common divisor of d and t.
11
Let w = 9 - 4. Suppose 3*m - 34 = w*q, 3*q + 2*m + 11 = 2. Let k be q*(-3 - (-2)/(-1)). What is the highest common factor of 10 and k?
5
Let o = -12 - -14. Suppose 0 = -4*r - b + 2*b + 256, -3*r - o*b + 192 = 0. Calculate the greatest common factor of 16 and r.
16
Let k = 10 - 6. Calculate the greatest common factor of 28 and k.
4
Let t(g) = 2*g**2 - 9*g + 2. Let r be t(12). What is the greatest common factor of 52 and r?
26
Let s(z) = -59*z - 3. Let k be s(-3). Let x be ((-6)/(-9))/(4/k). Let c = -15 + x. What is the highest common divisor of 42 and c?
14
Let x = 32 + -70. Let l(t) = -t**3 - 10*t**2 - 8*t - 13. Let o be l(-9). Let b = o - x. What is the highest common factor of 80 and b?
16
Let b be 7/((-70)/(-24))*5. Let m(s) = -2*s**2 + 3*s**2 + 5*s + 0 - 1 + 4. Let g be m(-5). What is the highest common divisor of g and b?
3
Let c be (-21)/(-2)*6/9. What is the highest common divisor of 21 and c?
7
Let p(d) = 4*d**2 - 1. Let b be p(-1). Suppose 0 = -h - b*h. Let t = 10 + h. Calculate the highest common factor of 70 and t.
10
Let z = 79 - 55. What is the highest common factor of 36 and z?
12
Let z(l) = l**2 + 8*l + 16. Let k be z(-7). What is the greatest common divisor of 18 and k?
9
Let w = -7 + 10. Suppose -1 = 3*t + 5*k, -w*t + 0*k - k = -7. Calculate the highest common factor of 15 and t.
3
Let s(a) = -a**3 - 7*a**2 + 4*a + 10. Let h be s(-8). Let o = h + 7. Calculate the greatest common factor of 7 and o.
7
Let w be 24/(-10)*20/(-6). Let g(p) = p**3 - 5*p**2 - 11*p + 1. Let x be g(w). What is the highest common divisor of 15 and x?
15
Let a = 8 - 3. Let t = 11 - a. Suppose 0 = -b + 4*r + 4, -t*r - 19 = -3*b - r. Calculate the greatest common factor of 32 and b.
8
Suppose 19 = 7*h - 79. What is the greatest common divisor of 126 and h?
14
Suppose 9 = 8*k - 599. What is the highest common factor of 4 and k?
4
Let p(w) = -24*w - 8. Let v be p(-4). Calculate the highest common factor of v and 8.
8
Let d = 11 - 8. Suppose m - 4*h - 36 = 0, -d*m - 2*h - 6 = -44. Calculate the greatest common factor of 8 and m.
8
Let k be 0/(0 + -3 - -4). Suppose t - 59 = 2*w, -3*w - 309 = -5*t - k*w. Let a = 15 - 8. What is the highest common divisor of a and t?
7
Suppose -5*a = -5, -3 - 7 = y - 3*a. Let h = y - -8. What is the greatest common divisor of 7 and h?
1
Suppose 0*z - 3*z = -18. Suppose -38 + z = 4*p. Let w(n) = -n**2 - 9*n + 2. Let q be w(p). What is the greatest common divisor of 70 and q?
10
Let a(r) = -r**2 - 3*r + 1. Let v be a(-5). Let y = -4 - v. Calculate the highest common divisor of 40 and y.
5
Let d(l) = 4*l**2 + 8*l + 1. Let r be d(-3). What is the highest common divisor of r and 26?
13
Suppose 7*u - 93 = 222. Calculate the greatest common factor of u and 36.
9
Suppose -5*p - u + 0*u + 15 = 0, 0 = -4*u - 20. Let d(j) = -2*j**2 + j + 4. Let y be d(0). Let n be 395/p + 1/y. What is the highest common divisor of 11 and n?
11
Let j(t) = t**3 + t**2. Let m be j(0). Suppose 0 = -m*o - o + 15. Suppose -4*b + 43 = o. What is the highest common divisor of b and 1?
1
Let p = -193 + 291. Suppose 5*x - 52 = 4*i + p, -3*x = -i - 90. Let n = 52 - 7. What is the highest common divisor of n and x?
15
Let q be 192/60 + (-4)/(-5). Suppose 0*f + q*f - 108 = 0. Calculate the greatest common factor of 27 and f.
27
Suppose 0 = 2*l + 2*b + 4, 0*l - 3*l - 2*b - 1 = 0. What is the greatest common divisor of l and 15?
3
Let u = 45 + 70. What is the greatest common divisor of 46 and u?
23
Let r = 18 + -9. Let b(f) = -f**3 + 9*f**2 + 5*f. Let q be b(r). Calculate the highest common divisor of q and 18.
9
Suppose -g = 4*x - 47, 0*x = -2*g + 3*x + 39. Calculate the greatest common divisor of g and 216.
27
Let p = 16 - -16. Calculate the highest common divisor of p and 16.
16
Let x(n) = 13*n**2 + 4*n + 1. Let l be x(-3). Let g = -61 + l. What is the highest common factor of 9 and g?
9
Suppose a - 2*a - 1 = 0, 3*j = -5*a + 4315. Let q be 2/9 - j/(-81). What is the greatest common divisor of q and 12?
6
Let y be (-1)/(-2 + (-59)/(-29)). Let z = 46 + y. Let r = -7 + z. Calculate the highest common factor of 110 and r.
10
Let h = -3156 + 4786. Suppose 0*a + h = -2*a. Let o be a/(-55) + 2/11. What is the greatest common divisor of o and 15?
15
Let r = 18 - -17. Let a = 71 - r. Let p(d) = d**2 - 5*d + 6. Let n be p(-7). Calculate the greatest common factor of a and n.
18
Let w = 34 - 32. What is the greatest common divisor of w and 28?
2
Let f(w) = 2*w**3 - w**2 - 2*w. Let g be f(2). What is the greatest common divisor of 56 and g?
8
Suppose y - 2*z + 4 = -0*y, z = 3*y + 22. Let a = 34 + y. Suppose s = -12 + 77. Calculate the highest common factor of a and s.
13
Suppose -22 - 44 = 3*d. Let c = d + 50. What is the greatest common factor of 7 and c?
7
Suppose 0 = -3*r - r + 36. Let g(f) = -f**3 + 8*f**2 + 9*f + 8. Let j be g(r). Calculate the greatest common factor of j and 2.
2
Suppose 0 = 4*f - 19 - 1. What is the greatest common factor of f and 30?
5
Suppose 30 = -4*p + 2. Let u(z) = -z**3 - 6*z**2 + 6*z + 10. Let b be u(p). Calculate the greatest common factor of b and 34.
17
Let a(o) = o**2 - 12*o + 13. Let h be a(11). Suppose h*q + 9 = 41. What is the highest common factor of 2 and q?
2
Let l(x) = -x**2 + 13*x + 3. Let b be l(7). Calculate the highest common divisor of 9 and b.
9
Suppose -p - 3*a = -6*p + 73, 74 = 5*p - 4*a. Let v = 42 + -12. Let x = 12 + v. Calculate the greatest common factor of p and x.
14
Let v(n) = 5*n**3 + 3*n**2 - 2*n - 2. Let b(k) = -k**2 - 6*k - 5. Let f be b(-4). Let l be v(f). What is the highest common factor of l and 14?
14
Let f be (-6)/((-2)/4*2). Calculate the greatest common divisor of f and 42.
6
Let l be 4005/21 + (-4)/(-14). Suppose -8*v + l = -3*v - 4*y, -5*y - 195 = -5*v. What is the highest common factor of v and 5?
5
Let l(y) = 9*y + 8 + 13 - 20. Let a be l(3). Calculate the greatest common divisor of 4 and a.
4
Suppose z = -2*z + 45. What is the greatest common factor of z and 5?
5
Let h(d) = -d**3 - 5*d**2 + 5*d + 5. Let i be h(-6). Calculate the highest common factor of i and 11.
11
Let f = 5 + -7. Let h be (3/6 - 2)*f. Calculate the greatest common divisor of 1 and h.
1
Let o = 22 + 3. Let c(p) = 3*p**2 - 5*p + 3. Let t be c(3). Let h = o - t. What is the greatest common divisor of h and 50?
10
Let g(x) = x - 3. Let t be g(2). Let i be 90 - (t + 1)/(-3). Suppose -i = -4*p + 5*h, 2*p + 5*h = 3*p - 30. What is the highest common factor of 50 and p?
10
Let x(q) = -3*q + 8. Let i 